+ 8*w - 4*w - w**2. List the prime factors of t(6).
2, 3
Suppose 3*q - 5*s = -6, q + 2*s - 3 = 2*q. Suppose v - 17 = -2*u, 0 = q*v - v - 3*u - 41. List the prime factors of v.
19
Let a(f) = 5*f**2 - 2*f - 1. Let h be a(2). Let u = -12 + h. What are the prime factors of u?
3
Suppose 0*f + 3*c + 251 = 4*f, -2*f = -c - 125. What are the prime factors of f?
2, 31
Let x = 312 - 156. List the prime factors of x.
2, 3, 13
What are the prime factors of 4/24*206*(5 - 2)?
103
List the prime factors of (-3)/9*(0 - 135).
3, 5
Let x(d) = -d**3 - 13*d**2 - 14*d - 8. Let l(o) = -4 - 2*o + 6*o**3 + 3*o**2 + 2*o**3 - 7*o**3. Let s be l(-4). List the prime factors of x(s).
2
Let v = -4 - -3. Let p = v - -4. Suppose -16 = k + p*k, -4*z + 5*k + 64 = 0. What are the prime factors of z?
11
Suppose 3*y - 40 = -5*t, 2*t = 7*t - 10. Let g = y + -1. What are the prime factors of g?
3
Suppose f + 4*f - 10 = 0, -2*q + 158 = -3*f. Suppose -8 = -k + 3*n - 0, 4*k - 2*n - q = 0. List the prime factors of k.
23
Suppose 3*h - 66 = 3. Suppose h = o + 5. List the prime factors of o.
2, 3
Let g = 54 + -26. List the prime factors of g.
2, 7
Let i = -118 + 70. What are the prime factors of (1 + i/9)*-6?
2, 13
Suppose 5*d + 6 = -4*k, 4*d - k - 14 = -d. Suppose -x - q + d + 9 = 0, 5*q = x - 41. What are the prime factors of x?
2
Let c be (3/(-6))/((-3)/30). Suppose -4*b - 3*t = -5*b + 35, t - 175 = -c*b. List the prime factors of b.
5, 7
Suppose -616 = -5*r + 5*h + 39, -4*r = -h - 539. List the prime factors of r.
2, 17
Suppose -4*o + 179 = -4*f - 173, -2*o + 173 = f. What are the prime factors of o?
3, 29
Let z be (-1)/(-1*(-3)/(-9)). Suppose 5*y = -z*b + 28, -4*y + b + 0 = -19. Suppose -3*q = -a + y*a - 19, 6 = 3*a + 5*q. List the prime factors of a.
7
Suppose -5*a + 3*q = 4*q - 249, 0 = 5*a - q - 251. What are the prime factors of a?
2, 5
Let g = -6 + 11. Suppose 0 = 4*d + w - 5*w + 20, 7 = g*d + 3*w. What are the prime factors of -28*(d + 2/4)?
2, 7
Let g = 47 + -14. What are the prime factors of g?
3, 11
Suppose -31 = -3*s + 29. Suppose 2*a + 2*a = -32. Let y = a + s. List the prime factors of y.
2, 3
Suppose -68 = -2*f + w, 0 = 5*f - 5*w + 2*w - 171. What are the prime factors of f?
3, 11
List the prime factors of ((-1188)/77)/(3/(-14)).
2, 3
Let n(c) = -9*c - 2. Let m be (-3)/1 + (-2)/(-2). List the prime factors of n(m).
2
Suppose 4*q + 138 = -0*q + 2*m, 0 = 2*m + 2. Let h = 16 - q. Suppose -i - 2*i = -h. What are the prime factors of i?
17
Let h be 2 - (18/2)/(-3). Suppose -h*i + 113 = 3*k, -i + 0*i + 179 = 4*k. What are the prime factors of k?
2, 23
Let f be 4/6 - (-57)/9. Suppose -4*y - 4*o - 25 = -9, 3*o + f = 2*y. What are the prime factors of (0 - (-13 + y))/1?
2, 7
Let h = 8 + 3. Suppose -g = -h - 19. List the prime factors of g.
2, 3, 5
Suppose 1 = c - 2. Suppose -c*d = 48 - 192. Suppose 3*h = -3*r + 30, -h + 6*h + 4*r - d = 0. What are the prime factors of h?
2
Let t = 89 + -52. List the prime factors of t.
37
Suppose s - 7*s = -540. Suppose -4*y + s = y. What are the prime factors of y?
2, 3
Let d(s) = -2 - 6*s + 0*s**2 + 0*s**2 + s**2. Let k be d(7). Suppose -2*g + 2*w = k*w - 10, -2*g + w = -2. What are the prime factors of g?
2
Let r(p) be the third derivative of p**4/12 - p**3/6 + 3*p**2. Let y be r(3). Suppose y*l = 28 + 22. What are the prime factors of l?
2, 5
Let z = 16 + 0. Let y be (z/(-1))/(2/2). Let j = 28 + y. List the prime factors of j.
2, 3
Suppose 0 = -4*v - 66 - 294. Let z = -49 - v. Let i = z - 25. List the prime factors of i.
2
Let k = -4 + 9. Suppose 11 = -3*a + 2, k*b + 3*a = 61. What are the prime factors of 24/b - (-14)/49?
2
Suppose 3*b + m - 467 = b, -4*b - 3*m = -931. List the prime factors of b.
5, 47
Suppose -2*n + 14 = -4*n. Let t(z) = -z**3 - 7*z**2 + 2. Let a be t(n). Suppose 3*k = a*k + 22. What are the prime factors of k?
2, 11
Let p(d) = 1 - 3 + 0 + 0*d + d. Let q be p(2). Suppose q = -r - 0*r + 4. List the prime factors of r.
2
Let w = -2 - -5. Suppose w*d - 2*d - 40 = -3*i, 152 = 4*d + 4*i. Suppose -4*g - 13 = -d. What are the prime factors of g?
2, 3
Let q be 3 - 1*-4*-3. Let m = 12 + q. Suppose -o = m*o - 36. What are the prime factors of o?
3
Let t(j) = -j**3 + 6*j**2 - 3*j + 12. List the prime factors of t(5).
2, 11
Suppose -3*k + 48 = 4*q, 4*q - 5*k = 3 + 13. Suppose 3*b + 0 = q. List the prime factors of b.
3
Let f(c) = -10*c**2 - 31*c - 5. Let h(k) = 7*k**2 + 21*k + 3. Let p(z) = 5*f(z) + 7*h(z). Suppose 0 = -v + s - 1, -3 = s + 1. List the prime factors of p(v).
11
Let d be (8/(-6))/(6/(-54)). Suppose 0 = -4*s - d, -5*s - 16 = -3*n + 11. Suppose 5*w + v - 60 = 4*v, w - 12 = n*v. What are the prime factors of w?
2, 3
Let h = 39 - -2. What are the prime factors of h?
41
Suppose -4*z + 5*w + 11 = 0, 10 = 2*z + 3*w - 1. Suppose -z*j - j = -10. Suppose j*a = -0*a + 4. What are the prime factors of a?
2
Suppose 12*l + 10 = 14*l. List the prime factors of l.
5
Let d = 0 - -2. Suppose d + 6 = s. List the prime factors of s.
2
Let g be -2*((-57)/6 - -3). Suppose 8 = 2*t, 4*t = q - 0*q + g. What are the prime factors of q?
3
Suppose 0 = 5*r - h - 4*h - 5, 5*h = -5*r + 25. Let z be (-5)/(-15)*1*r. Suppose 0 = -2*o + 5 + z. What are the prime factors of o?
3
Let a = -1 - -4. Let t(s) = -4 + 3 - a*s + 5. List the prime factors of t(-4).
2
Let k(u) be the first derivative of -u**4/12 - u**3/3 - u**2 - 2. Let x(j) be the second derivative of k(j). List the prime factors of x(-3).
2
Let o(a) = 3*a + 25. Let t be o(-11). Let x(q) = q**3 + 10*q**2 + 12*q + 8. What are the prime factors of x(t)?
2, 5
Let n = -56 - -81. List the prime factors of n.
5
Suppose -2*x - f = -50, 0*f = 2*f + 8. What are the prime factors of x?
3
Let t(z) = 33*z**2 + z + 1. Let a(p) = p**3 - 6*p**2 + 6*p - 6. Let s be a(5). What are the prime factors of t(s)?
3, 11
Suppose -6*h = -5*v - 3*h + 48, 0 = -2*v - h + 17. Let b be (-3)/((-6)/46) + 0. Let l = b - v. What are the prime factors of l?
2, 7
Suppose 2*s - 4 + 0 = 0. Let k = s - -4. List the prime factors of k.
2, 3
Suppose -3*f + 41 = -52. What are the prime factors of f?
31
Let h(d) = 4*d**3 - d**2. List the prime factors of h(3).
3, 11
Let i = 75 - 49. What are the prime factors of i?
2, 13
Let g = 14 - 9. Suppose -3 = p - g. What are the prime factors of p?
2
Let t = -15 - -17. What are the prime factors of t?
2
Suppose -5*j = 5*r - 80, 5*r - 68 = -j - 0*j. List the prime factors of r.
13
Let w(h) = h**2 + 6*h - 38. List the prime factors of w(12).
2, 89
Let g = 93 + -19. List the prime factors of g.
2, 37
Suppose 4*u - 26 = 54. Suppose -l + 15 = -k + 4*l, u = 5*l. List the prime factors of k - ((-6)/(-3) + -1).
2
Let u = -106 - -115. What are the prime factors of u?
3
What are the prime factors of (6/(-4))/(8/(-112))?
3, 7
What are the prime factors of (1 - (-59)/2)*(-8)/(-4)?
61
Suppose 0 = -2*l - 0*l + 14. List the prime factors of l.
7
Suppose -4*w - z + 14 = 0, -5*z = -2*w - 2*z + 14. Suppose -g = 3*b + 8 + 12, -2*b = w*g. List the prime factors of 164/16 + 2/b.
2, 5
Suppose 0 = 2*j + 2*r + 4, -2 - 20 = -j + 5*r. Suppose -j*u + v + 26 = 0, -3*u + 13 = 4*v - 37. List the prime factors of u.
2, 7
List the prime factors of -2 + 3 + -5 + 165.
7, 23
Suppose 20 = 5*n + 2*v, -25 + 5 = -5*n + 4*v. Suppose -n*f + 3 = -5*f - t, -f = 2*t + 7. Suppose 0 = -2*m + 17 + f. List the prime factors of m.
3
Let o be (2/4)/((-1)/2). Let r = o - -4. What are the prime factors of 9/2*(r + -1)?
3
Let o be 68/(-18) - (-2)/(-9). List the prime factors of (-1)/2 + (-14)/o.
3
List the prime factors of (35/(-4))/((-7)/28).
5, 7
Let y(c) = c**2 - 2. Suppose -3*a - 21 + 9 = 0. What are the prime factors of y(a)?
2, 7
Suppose 0 = -n - 2, 0 = -2*s + 4*n + n + 38. Suppose k = 8 + s. What are the prime factors of k?
2, 11
Suppose 20*q + 160 = 22*q. What are the prime factors of q?
2, 5
Let n(o) = o**2 + 2*o + 139. List the prime factors of n(0).
139
Suppose -3*l - 320 = -8*l. What are the prime factors of l?
2
Suppose 31 + 65 = 4*l. Suppose -v + 36 = l. What are the prime factors of v?
2, 3
Let o be 10/14 + 10/35. Let x = 3 - o. Suppose 2*p - 20 = -x*z, -5*p + 139 = -5*z + 39. What are the prime factors of p?
3, 5
Suppose -2*k + 132 = 4*t, -k + 133 = k + 3*t. Suppose 0 = -f + 4*z + 1, -4*f + 4*z - 6*z - k = 0. List the prime factor